-- https://www.phpmyadmin.net/
--
-- Servidor: localhost:3306
-- Tiempo de generación: 23-01-2026 a las 12:30:58
-- Versión del servidor: 8.0.44-0ubuntu0.24.04.2
-- Versión de PHP: 8.3.30

START TRANSACTION;



--
-- Base de datos: `all-panels`
--

--
-- Volcado de datos para la tabla `data_rows`
--

INSERT INTO `data_rows` (`id`, `data_type_id`, `field`, `type`, `display_name`, `required`, `browse`, `read`, `edit`, `add`, `delete`, `details`, `order`) VALUES
(1, 1, 'id', 'number', 'ID', 1, 0, 0, 0, 0, 0, '{}', 1),
(2, 1, 'name', 'text', 'Name', 1, 1, 1, 1, 1, 1, '{}', 2),
(3, 1, 'email', 'text', 'Email', 1, 1, 1, 1, 1, 1, '{}', 3),
(4, 1, 'password', 'password', 'Password', 1, 0, 0, 1, 1, 0, '{}', 4),
(5, 1, 'remember_token', 'text', 'Remember Token', 0, 0, 0, 0, 0, 0, '{}', 5),
(6, 1, 'created_at', 'timestamp', 'Created At', 0, 1, 1, 0, 0, 0, '{}', 6),
(7, 1, 'updated_at', 'timestamp', 'Updated At', 0, 0, 0, 0, 0, 0, '{}', 8),
(8, 1, 'avatar', 'image', 'Avatar', 0, 1, 1, 1, 1, 1, '{}', 9),
(9, 1, 'user_belongsto_role_relationship', 'relationship', 'Role', 1, 1, 1, 1, 1, 0, '{\"scope\":\"filterrole\",\"model\":\"App\\\\Models\\\\Role\",\"table\":\"roles\",\"type\":\"belongsTo\",\"column\":\"role_id\",\"key\":\"id\",\"label\":\"display_name\",\"pivot_table\":\"roles\",\"pivot\":\"0\",\"taggable\":\"0\"}', 11),
(10, 1, 'user_belongstomany_role_relationship', 'relationship', 'Roles', 0, 0, 0, 0, 0, 0, '{\"model\":\"TCG\\\\Voyager\\\\Models\\\\Role\",\"table\":\"roles\",\"type\":\"belongsToMany\",\"column\":\"id\",\"key\":\"id\",\"label\":\"display_name\",\"pivot_table\":\"user_roles\",\"pivot\":\"1\",\"taggable\":\"0\"}', 12),
(11, 1, 'settings', 'hidden', 'Settings', 0, 0, 0, 0, 0, 0, '{}', 15),
(12, 2, 'id', 'number', 'ID', 1, 0, 0, 0, 0, 0, NULL, 1),
(13, 2, 'name', 'text', 'Name', 1, 1, 1, 1, 1, 1, NULL, 2),
(14, 2, 'created_at', 'timestamp', 'Created At', 0, 0, 0, 0, 0, 0, NULL, 3),
(15, 2, 'updated_at', 'timestamp', 'Updated At', 0, 0, 0, 0, 0, 0, NULL, 4),
(16, 3, 'id', 'number', 'ID', 1, 0, 0, 0, 0, 0, '{}', 1),
(17, 3, 'name', 'text', 'Name', 1, 1, 1, 1, 1, 1, '{}', 2),
(18, 3, 'created_at', 'timestamp', 'Created At', 0, 0, 0, 0, 0, 0, '{}', 3),
(19, 3, 'updated_at', 'timestamp', 'Updated At', 0, 0, 0, 0, 0, 0, '{}', 4),
(20, 3, 'display_name', 'text', 'Display Name', 1, 1, 1, 1, 1, 1, '{}', 5),
(21, 1, 'role_id', 'text', 'Role', 0, 1, 1, 1, 1, 1, '{}', 10),
(22, 4, 'id', 'text', 'Id', 1, 0, 0, 0, 0, 0, '{}', 1),
(23, 4, 'user_id', 'text', 'User Id', 1, 1, 1, 1, 1, 1, '{}', 3),
(24, 4, 'qty', 'text', 'Cantidad', 1, 1, 1, 1, 1, 1, '{}', 4),
(25, 4, 'created_at', 'timestamp', 'Created At', 0, 1, 1, 0, 0, 0, '{}', 5),
(26, 4, 'updated_at', 'timestamp', 'Updated At', 0, 1, 1, 0, 0, 0, '{}', 6),
(27, 4, 'credit_hasone_user_relationship', 'relationship', 'Vendedor', 1, 1, 1, 1, 1, 1, '{\"scope\":\"user\",\"model\":\"App\\\\Models\\\\User\",\"table\":\"users\",\"type\":\"belongsTo\",\"column\":\"user_id\",\"key\":\"id\",\"label\":\"name\",\"pivot_table\":\"credits\",\"pivot\":\"0\",\"taggable\":\"0\"}', 2),
(28, 5, 'id', 'text', 'Id', 1, 0, 0, 0, 0, 0, '{}', 1),
(29, 5, 'name', 'text', 'Nombre', 1, 1, 1, 1, 1, 1, '{\"validation\":{\"rule\":\"required\",\"messages\":{\"required\":\"Este Campo es Obligatorio\"}}}', 2),
(30, 5, 'months', 'text', 'Cantidad de Meses', 1, 1, 1, 1, 1, 1, '{\"validation\":{\"rule\":\"required\",\"messages\":{\"required\":\"Este Campo es Obligatorio\"}}}', 3),
(31, 5, 'created_at', 'timestamp', 'Creado', 0, 1, 1, 0, 0, 0, '{}', 8),
(32, 5, 'updated_at', 'timestamp', 'Actualizado', 0, 1, 1, 0, 0, 0, '{}', 9),
(33, 6, 'id', 'text', 'Id', 1, 0, 0, 0, 0, 0, '{}', 1),
(34, 6, 'user_id', 'text', 'User Id', 1, 0, 0, 0, 0, 0, '{}', 2),
(35, 6, 'name', 'text', 'Nombre', 0, 1, 1, 1, 1, 1, '{}', 5),
(36, 6, 'phone', 'text', 'Telefono', 0, 0, 1, 1, 1, 1, '{}', 7),
(37, 6, 'email', 'text', 'Correo', 1, 1, 1, 1, 1, 1, '{\"validation\":{\"rule\":\"required|email|unique:customers\",\"messages\":{\"required\":\"The email field is required\",\"email\":\"The email must be a valid email address\",\"unique\":\"Ya este correo existe registrado, por favor ingrese otro\"}}}', 8),
(38, 6, 'password', 'text', 'Clave', 1, 1, 1, 1, 1, 1, '{\"validation\":{\"rule\":\"required|min:10|regex:\\/^(?=.*[a-z])(?=.*[A-Z])(?=.*\\\\d)(?=.*[^a-zA-Z\\\\d]).+$\\/\",\"messages\":{\"required\":\"The :attribute field is required.\",\"min\":\"The :attribute must be at least :min characters.\",\"regex\":\"The :attribute must contain at least one lowercase letter, one uppercase letter, and one number.\"}}}', 9),
(39, 6, 'status', 'select_dropdown', 'Estatus', 1, 1, 1, 1, 0, 1, '{\"default\":\"active\",\"options\":{\"active\":\"Activo\",\"inactive\":\"Inactivo\"}}', 13),
(40, 6, 'plex_user_id', 'text', 'Plex User Id', 0, 0, 0, 0, 0, 0, '{}', 14),
(41, 6, 'created_at', 'timestamp', 'Creado', 0, 0, 1, 0, 0, 0, '{}', 18),
(42, 6, 'updated_at', 'timestamp', 'Actualizado', 0, 0, 1, 0, 0, 0, '{}', 22),
(43, 1, 'email_verified_at', 'timestamp', 'Email Verified At', 0, 0, 0, 0, 0, 0, '{}', 7),
(44, 1, 'total_credits', 'text', 'Creditos Totales', 1, 1, 1, 0, 0, 0, '{}', 14),
(45, 1, 'status', 'select_dropdown', 'Estado', 1, 1, 1, 1, 1, 1, '{\"default\":\"active\",\"options\":{\"active\":\"Activo\",\"inactive\":\"Inactivo\"}}', 17),
(58, 6, 'plex_user_name', 'text', 'Plex User Name', 0, 1, 1, 0, 0, 0, '{}', 15),
(59, 6, 'plex_user_token', 'text', 'Plex User Token', 0, 0, 1, 0, 0, 0, '{}', 16),
(60, 6, 'invited_id', 'text', 'Invited Id', 0, 0, 1, 0, 0, 0, '{}', 17),
(61, 6, 'customer_belongsto_duration_relationship', 'relationship', 'Duracion', 1, 1, 1, 1, 1, 1, '{\"scope\":\"onlyplex\",\"model\":\"App\\\\Models\\\\Duration\",\"table\":\"durations\",\"type\":\"belongsTo\",\"column\":\"duration_id\",\"key\":\"id\",\"label\":\"name\",\"pivot_table\":\"credits\",\"pivot\":\"0\",\"taggable\":\"0\"}', 10),
(62, 6, 'duration_id', 'text', 'Duration Id', 1, 1, 1, 1, 1, 1, '{\"validation\":{\"rule\":\"required\",\"messages\":{\"required\":\"Este Campo es Obligatorio\"}}}', 6),
(63, 6, 'date_from', 'date', 'Fecha Desde', 0, 0, 1, 1, 1, 1, '{\"validation\":{\"rule\":\"required\",\"messages\":{\"required\":\"Este Campo es Obligatorio\"}}}', 11),
(64, 6, 'date_to', 'date', 'Fecha Hasta', 0, 1, 1, 1, 1, 1, '{\"validation\":{\"rule\":\"required\",\"messages\":{\"required\":\"Este Campo es Obligatorio\"}}}', 12),
(65, 8, 'id', 'text', 'Id', 1, 0, 0, 0, 0, 0, '{}', 1),
(66, 8, 'name', 'text', 'Nombre', 1, 1, 1, 0, 0, 1, '{}', 5),
(67, 8, 'url', 'text', 'Username or Email', 1, 1, 1, 1, 1, 1, '{}', 2),
(68, 8, 'token', 'text', 'Password', 1, 0, 1, 1, 1, 1, '{}', 3),
(69, 8, 'is_demo', 'checkbox', 'Es Demo', 1, 1, 1, 1, 1, 1, '{\"on\":\"Si\",\"off\":\"No\",\"checked\":false}', 6),
(70, 8, 'status', 'checkbox', 'Estado', 1, 1, 1, 1, 1, 1, '{\"on\":\"Activo\",\"off\":\"Inactivo\",\"checked\":true}', 7),
(71, 8, 'created_at', 'timestamp', 'Creado', 0, 1, 1, 0, 0, 0, '{}', 8),
(72, 8, 'updated_at', 'timestamp', 'Actualizado', 0, 1, 1, 0, 0, 0, '{}', 9),
(73, 6, 'customer_belongsto_server_relationship', 'relationship', 'Servidor', 1, 1, 1, 1, 1, 1, '{\"scope\":\"Server\",\"model\":\"App\\\\Models\\\\Server\",\"table\":\"servers\",\"type\":\"belongsTo\",\"column\":\"server_id\",\"key\":\"id\",\"label\":\"name_with_slots\",\"pivot_table\":\"credits\",\"pivot\":\"0\",\"taggable\":\"0\"}', 3),
(74, 6, 'server_id', 'text', 'Server Id', 1, 0, 1, 1, 1, 0, '{\"label\":\"name_with_slots\"}', 20),
(75, 9, 'id', 'text', 'Id', 1, 0, 0, 0, 0, 0, '{}', 1),
(76, 9, 'server_id', 'text', 'Server Id', 1, 1, 1, 1, 1, 1, '{\"label\":\"name_with_slots\"}', 2),
(77, 9, 'email', 'text', 'Email', 1, 1, 1, 1, 1, 1, '{\"validation\":{\"rule\":\"required|email|unique:demos\",\"messages\":{\"required\":\"Este Campo es Obligatorio\",\"email\":\"Ingresa un Correo Valido\",\"unique\":\"El correo ya exste en los Demos\"}}}', 3),
(78, 9, 'password', 'text', 'Clave', 1, 1, 1, 1, 1, 1, '{\"validation\":{\"rule\":\"required|min:10|regex:\\/^(?=.*[a-z])(?=.*[A-Z])(?=.*\\\\d)(?=.*[^a-zA-Z\\\\d]).+$\\/\",\"messages\":{\"required\":\"The :attribute field is required.\",\"min\":\"The :attribute must be at least :min characters.\",\"regex\":\"The :attribute must contain at least one lowercase letter, one uppercase letter, and one number.\"}}}', 4),
(79, 9, 'hours', 'select_dropdown', 'Horas', 1, 1, 1, 1, 1, 1, '{\"validation\":{\"rule\":\"required\",\"messages\":{\"required\":\"Este Campo es Obligatorio\"}},\"default\":\"1\",\"options\":{\"1\":\"1\"}}', 7),
(80, 9, 'start_date', 'text', 'Fecha Desde', 1, 0, 1, 0, 0, 0, '{}', 8),
(81, 9, 'end_date', 'text', 'Fecha Hasta', 1, 1, 1, 0, 0, 0, '{}', 9),
(82, 9, 'created_at', 'timestamp', 'Creado', 0, 0, 0, 0, 0, 0, '{}', 10),
(83, 9, 'updated_at', 'timestamp', 'Actualizado', 0, 0, 0, 0, 0, 0, '{}', 12),
(84, 9, 'demo_belongsto_server_relationship', 'relationship', 'Servidor', 1, 1, 1, 1, 1, 1, '{\"scope\":\"serverdemo\",\"model\":\"App\\\\Models\\\\Server\",\"table\":\"servers\",\"type\":\"belongsTo\",\"column\":\"server_id\",\"key\":\"id\",\"label\":\"name_with_slots\",\"pivot_table\":\"credits\",\"pivot\":\"0\",\"taggable\":\"0\"}', 5),
(85, 9, 'plex_user_name', 'text', 'Plex User Name', 0, 1, 1, 0, 0, 0, '{}', 11),
(86, 9, 'invited_id', 'text', 'Invited Id', 0, 0, 1, 0, 0, 0, '{}', 13),
(87, 9, 'plex_user_token', 'text', 'Plex User Token', 0, 0, 1, 0, 0, 0, '{}', 14),
(88, 8, 'accounts_count', 'text', 'Cantidad de Cuentas (Plex)', 0, 1, 1, 1, 1, 0, '{}', 10),
(89, 9, 'user_id', 'text', 'User Id', 0, 0, 0, 0, 0, 0, '{}', 15),
(90, 1, 'parent_user_id', 'text', 'Parent User Id', 0, 0, 0, 0, 0, 0, '{}', 19),
(91, 4, 'user_parent_id', 'text', 'User Parent Id', 0, 0, 0, 0, 0, 0, '{}', 6),
(92, 4, 'credit_belongsto_user_relationship', 'relationship', 'Usuario Padre', 0, 1, 1, 0, 0, 0, '{\"model\":\"App\\\\Models\\\\User\",\"table\":\"users\",\"type\":\"belongsTo\",\"column\":\"user_parent_id\",\"key\":\"id\",\"label\":\"name\",\"pivot_table\":\"credits\",\"pivot\":\"0\",\"taggable\":\"0\"}', 7),
(93, 6, 'customer_belongsto_user_relationship', 'relationship', 'Creador', 0, 1, 1, 0, 0, 0, '{\"model\":\"App\\\\Models\\\\User\",\"table\":\"users\",\"type\":\"belongsTo\",\"column\":\"user_id\",\"key\":\"id\",\"label\":\"name_email_creator\",\"pivot_table\":\"credits\",\"pivot\":\"0\",\"taggable\":\"0\"}', 23),
(94, 8, 'user_id', 'text', 'User Id', 0, 0, 0, 0, 0, 0, '{}', 11),
(95, 1, 'user_belongsto_user_relationship', 'relationship', 'Usuario Creador', 0, 1, 1, 0, 0, 0, '{\"model\":\"App\\\\Models\\\\User\",\"table\":\"users\",\"type\":\"belongsTo\",\"column\":\"parent_user_id\",\"key\":\"id\",\"label\":\"name_email_creator\",\"pivot_table\":\"credits\",\"pivot\":\"0\",\"taggable\":\"0\"}', 18),
(96, 8, 'limit_accounts', 'number', 'Cantidad Limite de Cuentas', 0, 1, 1, 1, 1, 1, '{}', 12),
(97, 1, 'user_belongstomany_server_relationship', 'relationship', 'Servidores Asigandos', 0, 1, 1, 1, 1, 1, '{\"scope\":\"Server\",\"model\":\"App\\\\Models\\\\Server\",\"table\":\"servers\",\"type\":\"belongsToMany\",\"column\":\"id\",\"key\":\"id\",\"label\":\"name\",\"pivot_table\":\"user_servers\",\"pivot\":\"1\",\"taggable\":\"0\"}', 20),
(98, 6, 'screens', 'select_dropdown', 'Pantallas', 1, 1, 1, 1, 1, 1, '{\"validation\":{\"rule\":\"required\",\"messages\":{\"required\":\"Este Campo es Obligatorio\"}},\"default\":\"4\",\"options\":{\"1\":\"1\",\"2\":\"2\",\"3\":\"3\",\"4\":\"4\"}}', 19),
(99, 11, 'id', 'text', 'Id', 1, 0, 0, 0, 0, 0, '{}', 1),
(100, 11, 'name', 'text', 'Nombre', 1, 1, 1, 1, 1, 1, '{\"validations\":{\"rules\":\"required\",\"messages\":{\"required\":\"Este campo es Requerido\"}}}', 2),
(101, 11, 'type', 'select_dropdown', 'Valido Para', 1, 1, 1, 1, 1, 1, '{\"default\":\"all\",\"options\":{\"all\":\"Ambos\",\"account\":\"Cuenta\",\"demo\":\"Demo\"},\"validations\":{\"rules\":\"required\",\"messages\":{\"required\":\"Este campo es obligatorio!!\"}}}', 3),
(102, 11, 'created_at', 'timestamp', 'Creado', 0, 1, 0, 0, 0, 0, '{}', 4),
(103, 11, 'updated_at', 'timestamp', 'Actualizado', 0, 0, 1, 0, 0, 0, '{}', 5),
(104, 13, 'id', 'text', 'Id', 1, 0, 0, 0, 0, 0, '{}', 1),
(105, 13, 'ip', 'text', 'Ip', 1, 1, 1, 1, 1, 1, '{\"validations\":{\"rules\":\"required\",\"messages\":{\"required\":\"Este campo es Requerido\"}}}', 2),
(106, 13, 'port', 'text', 'Puerto', 1, 1, 1, 1, 1, 1, '{\"validations\":{\"rules\":\"required\",\"messages\":{\"required\":\"Este campo es Requerido\"}}}', 3),
(107, 13, 'created_at', 'timestamp', 'Creado', 0, 1, 0, 0, 0, 0, '{}', 4),
(108, 13, 'updated_at', 'timestamp', 'Actualizado', 0, 0, 1, 0, 0, 0, '{}', 5),
(109, 6, 'customer_belongsto_proxy_relationship', 'relationship', 'Direccion Ip', 0, 0, 0, 0, 0, 0, '{\"model\":\"App\\\\Models\\\\Proxy\",\"table\":\"proxies\",\"type\":\"belongsTo\",\"column\":\"proxy_id\",\"key\":\"id\",\"label\":\"ip\",\"pivot_table\":\"credits\",\"pivot\":\"0\",\"taggable\":\"0\"}', 25),
(110, 6, 'proxy_id', 'text', 'Proxy Id', 0, 0, 0, 0, 0, 0, '{}', 21),
(111, 6, 'pin', 'text', 'Pin', 0, 1, 1, 0, 0, 0, '{}', 24),
(112, 8, 'is_plex_pass', 'checkbox', 'Con Plex Pass', 1, 1, 1, 1, 1, 1, '{\"on\":\"Si\",\"off\":\"No\",\"checked\":false}', 13),
(113, 8, 'local_name', 'text', 'Nombre Local', 0, 1, 1, 1, 1, 1, '{}', 4),
(114, 5, 'amount', 'number', 'Monto en Creditos', 0, 1, 1, 1, 1, 1, '{}', 6),
(115, 6, 'telegram_user_name', 'text', 'Nombre de Usuario en Telegram', 0, 0, 0, 0, 0, 0, '{}', 26),
(116, 14, 'id', 'text', 'Id', 1, 0, 0, 0, 0, 0, '{}', 1),
(117, 14, 'server_id', 'text', 'Servidor', 1, 1, 1, 1, 1, 1, '{}', 3),
(118, 14, 'name', 'text', 'Nombre', 1, 1, 1, 1, 1, 1, '{\"validation\":{\"rules\":\"required\",\"messages\":{\"required\":\"Este Campo es Obligatorio\"}}}', 2),
(119, 14, 'libraries', 'text', 'Libraries', 1, 0, 0, 1, 1, 0, '{}', 5),
(120, 14, 'created_at', 'timestamp', 'Creado', 0, 1, 1, 0, 0, 0, '{}', 6),
(121, 14, 'updated_at', 'timestamp', 'Actualizado', 0, 1, 1, 0, 0, 0, '{}', 7),
(122, 14, 'package_belongsto_server_relationship', 'relationship', 'Servidor', 1, 1, 1, 1, 1, 1, '{\"scope\":\"server\",\"model\":\"App\\\\Models\\\\Server\",\"table\":\"servers\",\"type\":\"belongsTo\",\"column\":\"server_id\",\"key\":\"id\",\"label\":\"name_and_local_name\",\"pivot_table\":\"credits\",\"pivot\":\"0\",\"taggable\":\"0\"}', 4),
(124, 6, 'observation', 'text', 'Observation', 0, 0, 0, 0, 0, 0, '{}', 27),
(125, 6, 'package_id', 'select_dropdown', 'Paquetes', 0, 1, 1, 1, 1, 0, '{}', 4),
(126, 9, 'package_id', 'select_dropdown', 'Paquete', 0, 1, 1, 1, 1, 1, '{}', 6),
(127, 5, 'service', 'select_dropdown', 'Servicio', 1, 1, 1, 1, 1, 1, '{\"default\":\"all\",\"options\":{\"plex\":\"Plex\",\"jellyfin\":\"Jellyfin\",\"emby\":\"Emby\",\"all\":\"Todas\"}}', 4),
(128, 17, 'id', 'text', 'Id', 1, 0, 0, 0, 0, 0, '{}', 1),
(129, 17, 'name', 'text', 'Nombre', 1, 1, 1, 1, 1, 1, '{\"validation\":{\"rule\":\"required\",\"messages\":{\"required\":\"Este Campo es Obligatorio\"}}}', 2),
(130, 17, 'host', 'text', 'Host', 1, 1, 1, 1, 1, 1, '{\"validation\":{\"rule\":\"required\",\"messages\":{\"required\":\"Este Campo es Obligatorio\"}}}', 3),
(131, 17, 'port', 'text', 'Puerto', 0, 1, 1, 1, 1, 1, '{}', 4),
(132, 17, 'api_key', 'text', 'Api Key', 1, 1, 1, 1, 1, 1, '{\"validation\":{\"rule\":\"required\",\"messages\":{\"required\":\"Este Campo es Obligatorio\"}}}', 5),
(133, 17, 'created_at', 'timestamp', 'Creado', 0, 1, 1, 0, 0, 0, '{}', 6),
(134, 17, 'updated_at', 'timestamp', 'Actualziado', 0, 0, 1, 0, 0, 0, '{}', 7),
(135, 18, 'id', 'text', 'Id', 1, 0, 0, 0, 0, 0, '{}', 1),
(136, 18, 'name', 'text', 'Nombre', 1, 1, 1, 1, 1, 1, '{\"validatios\":{\"rule\":\"required\",\"messages\":{\"required\":\"Este campo es obligatorio\"}}}', 3),
(137, 18, 'jellyfinserver_id', 'text', 'Jellyfinserver Id', 1, 1, 1, 1, 1, 1, '{}', 2),
(138, 18, 'libraries', 'select_dropdown', 'Librerias', 1, 0, 0, 1, 1, 1, '{\"validatios\":{\"rule\":\"required\",\"messages\":{\"required\":\"Este campo es obligatorio\"}}}', 5),
(139, 18, 'created_at', 'timestamp', 'Creado', 0, 1, 1, 0, 0, 0, '{}', 6),
(140, 18, 'updated_at', 'timestamp', 'Actualizado', 0, 0, 0, 0, 0, 0, '{}', 7),
(141, 18, 'jellyfinpackage_belongsto_jellyfinserver_relationship', 'relationship', 'Servidor', 1, 1, 1, 1, 1, 1, '{\"model\":\"App\\\\Models\\\\JellyfinServer\",\"table\":\"jellyfinservers\",\"type\":\"belongsTo\",\"column\":\"jellyfinserver_id\",\"key\":\"id\",\"label\":\"name\",\"pivot_table\":\"credits\",\"pivot\":\"0\",\"taggable\":\"0\"}', 4),
(142, 19, 'id', 'text', 'Id', 1, 0, 0, 0, 0, 0, '{}', 1),
(143, 19, 'jellyfinserver_id', 'text', 'Jellyfinserver Id', 1, 1, 1, 1, 1, 1, '{}', 2),
(144, 19, 'duration_id', 'select_dropdown', 'Duracion', 1, 1, 1, 1, 1, 1, '{\"validations\":{\"rule\":\"required\",\"messages\":{\"required\":\"Este campo es obligatorio\"}}}', 6),
(145, 19, 'jellyfinpackage_id', 'select_dropdown', 'Paquete', 0, 1, 1, 1, 1, 1, '{}', 4),
(146, 19, 'name', 'text', 'Nombre de Usuario', 1, 1, 1, 1, 1, 1, '{\"validation\":{\"rule\":\"required|unique:jellyfincustomers\",\"messages\":{\"required\":\"Campo Obligatorio\",\"unique\":\"este mombre de usuario ya existe!!\"}}}', 7),
(147, 19, 'email', 'text', 'Email', 0, 1, 1, 1, 1, 1, '{\"validations\":{\"rule\":\"email\",\"messages\":{\"email\":\"Debes escribir el correo correctamente\"}}}', 9),
(148, 19, 'password', 'text', 'Password', 1, 1, 1, 1, 1, 1, '{\"validations\":{\"rule\":\"required\",\"messages\":{\"required\":\"Este campo es obligatorio\"}}}', 8),
(149, 19, 'phone', 'text', 'Telefono', 0, 0, 1, 1, 1, 1, '{}', 10),
(150, 19, 'comment', 'text_area', 'Comentario', 0, 1, 1, 1, 1, 0, '{}', 13),
(151, 19, 'date_to', 'date', 'Fecha Hasta', 1, 1, 1, 1, 1, 1, '{\"validations\":{\"rule\":\"required\",\"messages\":{\"required\":\"Este campo es obligatorio\"}}}', 12),
(152, 19, 'created_at', 'timestamp', 'Creado', 0, 1, 1, 0, 0, 0, '{}', 17),
(153, 19, 'updated_at', 'timestamp', 'Updated At', 0, 0, 0, 0, 0, 0, '{}', 18),
(154, 19, 'jellyfincustomer_belongsto_jellyfinserver_relationship', 'relationship', 'Servidor', 1, 1, 1, 1, 1, 1, '{\"scope\":\"bystatus\",\"model\":\"App\\\\Models\\\\JellyfinServer\",\"table\":\"jellyfinservers\",\"type\":\"belongsTo\",\"column\":\"jellyfinserver_id\",\"key\":\"id\",\"label\":\"real_name\",\"pivot_table\":\"credits\",\"pivot\":\"0\",\"taggable\":\"0\"}', 3),
(156, 20, 'id', 'text', 'Id', 1, 0, 0, 0, 0, 0, '{}', 1),
(157, 20, 'jellyfinserver_id', 'text', 'Jellyfinserver Id', 1, 1, 1, 1, 1, 1, '{}', 2),
(159, 20, 'jellyfinpackage_id', 'select_dropdown', 'Paquete', 0, 1, 1, 1, 1, 1, '{}', 4),
(160, 20, 'name', 'text', 'Nombre de Usuario', 1, 1, 1, 1, 1, 1, '{\"validation\":{\"rule\":\"required|unique:jellyfindemos\",\"messages\":{\"required\":\"Campo Obligatorio\",\"unique\":\"este mombre de usuario ya existe!!\"}}}', 5),
(161, 20, 'email', 'text', 'Email', 0, 1, 1, 1, 1, 1, '{\"validations\":{\"rule\":\"email\",\"messages\":{\"email\":\"Ingresa un correo valido\"}}}', 7),
(162, 20, 'password', 'text', 'Password', 1, 0, 1, 1, 1, 1, '{\"validations\":{\"rule\":\"required\",\"messages\":{\"required\":\"Este campo es Requerido\"}}}', 6),
(165, 20, 'date_to', 'date', 'Fecha Hasta', 1, 1, 1, 0, 0, 0, '{\"validations\":{\"rule\":\"required\",\"messages\":{\"required\":\"Este campo es Requerido\"}}}', 9),
(166, 20, 'user_id', 'text', 'User Id', 1, 0, 0, 0, 0, 0, '{}', 10),
(167, 20, 'created_at', 'timestamp', 'Creado', 0, 1, 1, 0, 0, 0, '{}', 12),
(168, 20, 'updated_at', 'timestamp', 'Updated At', 0, 0, 1, 0, 0, 0, '{}', 14),
(169, 20, 'hours', 'select_dropdown', 'Horas', 1, 1, 1, 1, 1, 1, '{\"validation\":{\"rule\":\"required\",\"messages\":{\"required\":\"Este Campo es Obligatorio\"}},\"default\":\"1\",\"options\":{\"1\":\"1\"}}', 8),
(170, 20, 'jellyfindemo_belongsto_jellyfinserver_relationship', 'relationship', 'Servidor', 1, 1, 1, 1, 1, 1, '{\"scope\":\"bystatus\",\"model\":\"App\\\\Models\\\\JellyfinServer\",\"table\":\"jellyfinservers\",\"type\":\"belongsTo\",\"column\":\"jellyfinserver_id\",\"key\":\"id\",\"label\":\"real_name\",\"pivot_table\":\"credits\",\"pivot\":\"0\",\"taggable\":\"0\"}', 3),
(171, 19, 'user_id', 'text', 'User Id', 1, 0, 0, 0, 0, 0, '{}', 14),
(172, 19, 'screens', 'select_dropdown', 'Pantallas', 1, 1, 1, 1, 1, 1, '{\"validation\":{\"rule\":\"required\",\"messages\":{\"required\":\"Este Campo es Obligatorio\"}},\"default\":\"4\",\"options\":{\"1\":\"1\",\"2\":\"2\",\"3\":\"3\",\"4\":\"4\"}}', 11),
(173, 19, 'json_data', 'text', 'Json Data', 0, 0, 1, 0, 0, 0, '{}', 19),
(175, 20, 'json_data', 'text', 'Json Data', 0, 0, 1, 0, 0, 0, '{}', 13),
(176, 5, 'screens', 'text', 'Pantallas', 0, 1, 1, 1, 1, 1, '{}', 5),
(177, 17, 'status', 'checkbox', 'Estatus', 1, 1, 1, 1, 1, 1, '{\"on\":\"Activo\",\"off\":\"Inactivo\",\"checked\":true}', 8),
(178, 19, 'status', 'checkbox', 'Estatus', 1, 1, 1, 0, 0, 0, '{\"on\":\"Activo\",\"off\":\"Inactivo\",\"checked\":true}', 15),
(179, 19, 'jellyfincustomer_belongsto_user_relationship', 'relationship', 'Creador', 0, 1, 1, 0, 0, 0, '{\"model\":\"App\\\\Models\\\\User\",\"table\":\"users\",\"type\":\"belongsTo\",\"column\":\"user_id\",\"key\":\"id\",\"label\":\"name_email_creator\",\"pivot_table\":\"credits\",\"pivot\":\"0\",\"taggable\":\"0\"}', 16),
(180, 20, 'jellyfindemo_belongsto_user_relationship', 'relationship', 'Creador', 0, 1, 1, 0, 0, 0, '{\"model\":\"App\\\\Models\\\\User\",\"table\":\"users\",\"type\":\"belongsTo\",\"column\":\"user_id\",\"key\":\"id\",\"label\":\"name_email_creator\",\"pivot_table\":\"credits\",\"pivot\":\"0\",\"taggable\":\"0\"}', 11),
(181, 1, 'aditional_info', 'text_area', 'Informacion Adicional', 0, 0, 1, 1, 1, 1, '{}', 16),
(182, 17, 'with_live_tv', 'checkbox', 'TV en vivo', 1, 1, 1, 1, 1, 1, '{\"on\":\"Si\",\"off\":\"No\",\"checked\":false}', 9),
(183, 5, 'aditional_credits_for_live_tv', 'number', 'Creditos Adicionales con tv en vivo \"Aplica para Jellyfin y Emby\"', 1, 1, 1, 1, 1, 1, '{}', 7),
(184, 1, 'service', 'select_multiple', 'Servicios Asociados', 0, 1, 1, 1, 1, 1, '{\"default\":\"all\",\"options\":{\"plex\":\"Plex\",\"jellyfin\":\"Jellyfin\",\"emby\":\"Emby\"}}', 13),
(185, 1, 'prefix', 'text', 'Prefijo', 0, 1, 1, 1, 1, 1, '{}', 17),
(186, 17, 'is_dead', 'checkbox', 'Servidor Caido?', 1, 1, 1, 1, 1, 1, '{\"on\":\"Si\",\"off\":\"No\",\"checked\":false}', 10),
(187, 8, 'library_section_for_remove', 'text', 'Library Section For Remove', 0, 0, 1, 0, 0, 0, '{}', 14),
(188, 8, 'last_token_update', 'text', 'Last Token Update', 0, 0, 1, 0, 0, 0, '{}', 15),
(189, 8, 'json_data', 'text', 'Json Data', 0, 0, 1, 0, 0, 0, '{}', 16),
(190, 8, 'is_dead', 'checkbox', 'Servidor Caido?', 1, 1, 1, 1, 1, 1, '{\"on\":\"Si\",\"off\":\"No\",\"checked\":false}', 17),
(191, 21, 'id', 'text', 'Id', 1, 0, 0, 0, 0, 0, '{}', 1),
(192, 21, 'name', 'text', 'Nombre', 1, 1, 1, 1, 1, 1, '{\"validation\":{\"rule\":\"required\",\"messages\":{\"required\":\"Este Campo es Obligatorio\"}}}', 2),
(193, 21, 'host', 'text', 'Host', 1, 1, 1, 1, 1, 1, '{\"validation\":{\"rule\":\"required\",\"messages\":{\"required\":\"Este Campo es Obligatorio\"}}}', 3),
(194, 21, 'port', 'text', 'Puerto', 0, 1, 1, 1, 1, 1, '{}', 4),
(195, 21, 'api_key', 'text', 'Api Key', 1, 1, 1, 1, 1, 1, '{\"validation\":{\"rule\":\"required\",\"messages\":{\"required\":\"Este Campo es Obligatorio\"}}}', 5),
(196, 21, 'status', 'checkbox', 'Estatus', 1, 1, 1, 1, 1, 1, '{\"on\":\"Activo\",\"off\":\"Inactivo\",\"checked\":true}', 6),
(197, 21, 'with_live_tv', 'checkbox', 'Con Tv en Vivo', 1, 1, 1, 1, 1, 1, '{\"on\":\"Si\",\"off\":\"No\",\"checked\":false}', 7),
(198, 21, 'is_dead', 'checkbox', 'Servidor Caido?', 1, 1, 1, 1, 1, 1, '{\"on\":\"Si\",\"off\":\"No\",\"checked\":false}', 9),
(199, 21, 'created_at', 'timestamp', 'Creado', 0, 1, 1, 0, 0, 0, '{}', 10),
(200, 21, 'updated_at', 'timestamp', 'Actualizado', 0, 1, 1, 0, 0, 0, '{}', 11),
(201, 22, 'id', 'text', 'Id', 1, 0, 0, 0, 0, 0, '{}', 1),
(202, 22, 'name', 'text', 'Nombre', 1, 1, 1, 1, 1, 1, '{\"validatios\":{\"rule\":\"required\",\"messages\":{\"required\":\"Este campo es obligatorio\"}}}', 3),
(203, 22, 'embyserver_id', 'text', 'Embyserver Id', 1, 1, 1, 1, 1, 1, '{}', 2),
(204, 22, 'libraries', 'select_dropdown', 'Librerias', 1, 0, 0, 1, 1, 0, '{\"validatios\":{\"rule\":\"required\",\"messages\":{\"required\":\"Este campo es obligatorio\"}}}', 5),
(205, 22, 'created_at', 'timestamp', 'Creado', 0, 1, 1, 0, 0, 0, '{}', 6),
(206, 22, 'updated_at', 'timestamp', 'Actualizado', 0, 1, 1, 0, 0, 0, '{}', 7),
(207, 22, 'embypackage_belongsto_embyserver_relationship', 'relationship', 'Servidor', 1, 1, 1, 1, 1, 1, '{\"model\":\"App\\\\Models\\\\EmbyServer\",\"table\":\"embyservers\",\"type\":\"belongsTo\",\"column\":\"embyserver_id\",\"key\":\"id\",\"label\":\"name\",\"pivot_table\":\"credits\",\"pivot\":\"0\",\"taggable\":\"0\"}', 4),
(208, 23, 'id', 'text', 'Id', 1, 0, 0, 0, 0, 0, '{}', 1),
(209, 23, 'embyserver_id', 'text', 'Embyserver Id', 1, 1, 1, 1, 1, 1, '{}', 2),
(210, 23, 'embypackage_id', 'select_dropdown', 'Paquete', 0, 1, 1, 1, 1, 1, '{}', 4),
(211, 23, 'name', 'text', 'Nombre de Usuario', 1, 1, 1, 1, 1, 1, '{\"validation\":{\"rule\":\"required|unique:jellyfindemos\",\"messages\":{\"required\":\"Campo Obligatorio\",\"unique\":\"este mombre de usuario ya existe!!\"}}}', 5),
(212, 23, 'email', 'text', 'Email', 0, 1, 1, 1, 1, 1, '{}', 7),
(213, 23, 'password', 'text', 'Password', 1, 1, 1, 1, 1, 1, '{\"validations\":{\"rule\":\"required\",\"messages\":{\"required\":\"Este campo es Requerido\"}}}', 6),
(214, 23, 'hours', 'select_dropdown', 'Horas', 1, 1, 1, 1, 1, 1, '{\"validation\":{\"rule\":\"required\",\"messages\":{\"required\":\"Este Campo es Obligatorio\"}},\"default\":\"1\",\"options\":{\"1\":\"1\"}}', 8),
(215, 23, 'date_to', 'date', 'Fecha Hasta', 1, 1, 1, 0, 0, 0, '{\"validations\":{\"rule\":\"required\",\"messages\":{\"required\":\"Este campo es Requerido\"}}}', 9),
(216, 23, 'user_id', 'text', 'User Id', 1, 0, 0, 0, 0, 0, '{}', 10),
(217, 23, 'json_data', 'text', 'Json Data', 0, 0, 1, 0, 0, 0, '{}', 11),
(218, 23, 'created_at', 'timestamp', 'Creado', 0, 1, 1, 0, 0, 0, '{}', 13),
(219, 23, 'updated_at', 'timestamp', 'Actualizado', 0, 1, 1, 0, 0, 0, '{}', 14),
(220, 23, 'embydemo_belongsto_embyserver_relationship', 'relationship', 'Servidor', 1, 1, 1, 1, 1, 1, '{\"scope\":\"serverdemo\",\"model\":\"App\\\\Models\\\\EmbyServer\",\"table\":\"embyservers\",\"type\":\"belongsTo\",\"column\":\"embyserver_id\",\"key\":\"id\",\"label\":\"name\",\"pivot_table\":\"credits\",\"pivot\":\"0\",\"taggable\":\"0\"}', 3),
(221, 23, 'embydemo_belongsto_user_relationship', 'relationship', 'Creador', 0, 1, 1, 0, 0, 0, '{\"model\":\"App\\\\Models\\\\User\",\"table\":\"users\",\"type\":\"belongsTo\",\"column\":\"user_id\",\"key\":\"id\",\"label\":\"name_email_creator\",\"pivot_table\":\"credits\",\"pivot\":\"0\",\"taggable\":\"0\"}', 12),
(222, 24, 'id', 'text', 'Id', 1, 0, 0, 0, 0, 0, '{}', 1),
(223, 24, 'embyserver_id', 'text', 'Embyserver Id', 1, 1, 1, 1, 1, 1, '{}', 2),
(224, 24, 'duration_id', 'select_dropdown', 'Duracion', 1, 1, 1, 1, 1, 1, '{\"validations\":{\"rule\":\"required\",\"messages\":{\"required\":\"Este campo es obligatorio\"}}}', 6),
(225, 24, 'embypackage_id', 'select_dropdown', 'Paquete', 0, 1, 1, 1, 1, 1, '{}', 4),
(226, 24, 'name', 'text', 'Nombre de Usuario', 1, 1, 1, 1, 1, 1, '{\"validation\":{\"rule\":\"required|unique:jellyfincustomers\",\"messages\":{\"required\":\"Campo Obligatorio\",\"unique\":\"este mombre de usuario ya existe!!\"}}}', 7),
(227, 24, 'email', 'text', 'Email', 0, 0, 1, 1, 1, 1, '{}', 9),
(228, 24, 'password', 'text', 'Password', 1, 1, 1, 1, 1, 1, '{\"validations\":{\"rule\":\"required\",\"messages\":{\"required\":\"Este campo es obligatorio\"}}}', 8),
(229, 24, 'phone', 'text', 'Telefono', 0, 0, 1, 1, 1, 1, '{}', 10),
(230, 24, 'comment', 'text_area', 'Comentario', 0, 1, 1, 1, 1, 1, '{}', 14),
(231, 24, 'date_to', 'text', 'Fecha Hasta', 1, 1, 1, 1, 1, 1, '{\"validations\":{\"rule\":\"required\",\"messages\":{\"required\":\"Este campo es obligatorio\"}}}', 12),
(232, 24, 'user_id', 'text', 'User Id', 1, 0, 0, 0, 0, 0, '{}', 13),
(233, 24, 'screens', 'select_dropdown', 'Pantallas', 1, 1, 1, 1, 1, 1, '{\"validation\":{\"rule\":\"required\",\"messages\":{\"required\":\"Este Campo es Obligatorio\"}},\"default\":\"4\",\"options\":{\"1\":\"1\",\"2\":\"2\",\"3\":\"3\",\"4\":\"4\"}}', 11),
(234, 24, 'status', 'checkbox', 'Estatus', 1, 1, 1, 1, 1, 1, '{\"on\":\"Activo\",\"off\":\"Inactivo\",\"checked\":true}', 15),
(235, 24, 'json_data', 'text', 'Json Data', 0, 0, 1, 0, 0, 0, '{}', 17),
(236, 24, 'created_at', 'timestamp', 'Creado', 0, 1, 1, 0, 0, 0, '{}', 18),
(237, 24, 'updated_at', 'timestamp', 'Actualizado', 0, 1, 1, 0, 0, 0, '{}', 19),
(238, 24, 'embycustomer_belongsto_embyserver_relationship', 'relationship', 'Servidor', 1, 1, 1, 1, 1, 1, '{\"scope\":\"server\",\"model\":\"App\\\\Models\\\\EmbyServer\",\"table\":\"embyservers\",\"type\":\"belongsTo\",\"column\":\"embyserver_id\",\"key\":\"id\",\"label\":\"name\",\"pivot_table\":\"credits\",\"pivot\":\"0\",\"taggable\":\"0\"}', 3),
(240, 24, 'embycustomer_belongsto_user_relationship', 'relationship', 'Creador', 0, 1, 1, 0, 0, 0, '{\"model\":\"App\\\\Models\\\\User\",\"table\":\"users\",\"type\":\"belongsTo\",\"column\":\"user_id\",\"key\":\"id\",\"label\":\"name_email_creator\",\"pivot_table\":\"credits\",\"pivot\":\"0\",\"taggable\":\"0\"}', 16),
(241, 25, 'id', 'text', 'Id', 1, 0, 0, 0, 0, 0, '{}', 1),
(242, 25, 'title', 'text', 'Titulo', 1, 1, 1, 1, 1, 1, '{\"validations\":{\"rule\":\"required\",\"messages\":{\"required\":\"Este campo es Requerido\"}}}', 2),
(243, 25, 'poster', 'multiple_images', 'Imagen', 0, 1, 1, 1, 1, 1, '{}', 3),
(244, 25, 'content', 'text_area', 'Contenido', 1, 1, 1, 1, 1, 1, '{\"validations\":{\"rule\":\"required\",\"messages\":{\"required\":\"Este campo es Requerido\"}}}', 4),
(245, 25, 'button_link_action', 'text', 'Link del Boton', 0, 1, 1, 1, 1, 1, '{}', 5),
(246, 25, 'date_to', 'date', 'Fecha Limite', 1, 1, 1, 1, 1, 1, '{\"validations\":{\"rule\":\"required\",\"messages\":{\"required\":\"Este campo es Requerido\"}}}', 6),
(247, 25, 'reads', 'text', 'Leido por', 0, 0, 1, 0, 0, 0, '{}', 7),
(248, 25, 'is_active', 'checkbox', 'Activo?', 1, 1, 1, 1, 1, 1, '{\"on\":\"Activo\",\"off\":\"Inactivo\",\"checked\":true}', 8),
(249, 25, 'created_at', 'timestamp', 'Creado', 0, 1, 1, 0, 0, 0, '{}', 10),
(250, 25, 'updated_at', 'timestamp', 'Actualizado', 0, 1, 1, 0, 0, 0, '{}', 11),
(251, 25, 'each_hours', 'number', 'Mostrar Cada Cuantas horas', 0, 1, 1, 1, 1, 1, '{}', 9),
(252, 21, 'is_demo', 'checkbox', 'Activo para Demos', 1, 1, 1, 1, 1, 1, '{\"on\":\"Si\",\"off\":\"No\",\"checked\":false}', 8),
(253, 24, 'with_transcode', 'checkbox', 'Transcodificacion', 1, 1, 1, 1, 1, 1, '{\"on\":\"Si\",\"off\":\"No\",\"checked\":true}', 10),
(254, 21, 'custom_config', 'checkbox', 'Configuración Personalizada', 0, 0, 1, 1, 1, 1, '{\"on\":\"Si\",\"off\":\"No\"}', 12),
(255, 21, 'json_custom_config', 'hidden', 'JSON Config', 0, 0, 0, 1, 1, 1, '\"\"', 13),
(256, 6, 'last_expiration_notification_sent_at', 'text', 'Last Expiration Notification Sent At', 0, 0, 0, 0, 0, 1, '{}', 17),
(257, 24, 'last_expiration_notification_sent_at', 'timestamp', 'Last Expiration Notification Sent At', 0, 1, 1, 1, 1, 1, '{}', 18);

--
-- Volcado de datos para la tabla `data_types`
--

INSERT INTO `data_types` (`id`, `name`, `slug`, `display_name_singular`, `display_name_plural`, `icon`, `model_name`, `policy_name`, `controller`, `description`, `generate_permissions`, `server_side`, `details`, `created_at`, `updated_at`) VALUES
(1, 'users', 'users', 'User', 'Users', 'voyager-person', 'App\\Models\\User', 'TCG\\Voyager\\Policies\\UserPolicy', 'App\\Http\\Controllers\\Voyager\\UserController', NULL, 1, 0, '{\"order_column\":null,\"order_display_column\":null,\"order_direction\":\"desc\",\"default_search_key\":null,\"scope\":\"user\"}', '2023-07-30 22:59:57', '2025-12-02 18:27:58'),
(2, 'menus', 'menus', 'Menu', 'Menus', 'voyager-list', 'TCG\\Voyager\\Models\\Menu', NULL, '', '', 1, 0, NULL, '2023-07-30 22:59:57', '2023-07-30 22:59:57'),
(3, 'roles', 'roles', 'Role', 'Roles', 'voyager-lock', 'App\\Models\\Role', NULL, 'TCG\\Voyager\\Http\\Controllers\\VoyagerRoleController', NULL, 1, 0, '{\"order_column\":null,\"order_display_column\":null,\"order_direction\":\"desc\",\"default_search_key\":null,\"scope\":null}', '2023-07-30 22:59:57', '2023-09-12 16:38:47'),
(4, 'credits', 'credits', 'Credito', 'Creditos', 'voyager-dollar', 'App\\Models\\Credit', NULL, 'App\\Http\\Controllers\\Voyager\\CreditController', NULL, 1, 0, '{\"order_column\":null,\"order_display_column\":null,\"order_direction\":\"asc\",\"default_search_key\":null,\"scope\":\"byUser\"}', '2023-07-31 00:03:14', '2023-09-12 18:58:11'),
(5, 'durations', 'durations', 'Duracion', 'Duraciones', 'voyager-alarm-clock', 'App\\Models\\Duration', NULL, NULL, NULL, 1, 0, '{\"order_column\":null,\"order_display_column\":null,\"order_direction\":\"asc\",\"default_search_key\":null,\"scope\":null}', '2023-07-31 00:11:11', '2025-08-18 14:20:45'),
(6, 'customers', 'customers', 'Cliente', 'Clientes', 'voyager-people', 'App\\Models\\Customer', NULL, 'App\\Http\\Controllers\\Voyager\\CustomerController', NULL, 1, 1, '{\"order_column\":null,\"order_display_column\":null,\"order_direction\":\"asc\",\"default_search_key\":null,\"scope\":\"byUser\"}', '2023-07-31 00:13:46', '2026-01-23 15:55:23'),
(8, 'servers', 'servers', 'Servidor', 'Servidores', 'voyager-laptop', 'App\\Models\\Server', NULL, 'App\\Http\\Controllers\\Voyager\\ServerController', NULL, 1, 0, '{\"order_column\":null,\"order_display_column\":null,\"order_direction\":\"asc\",\"default_search_key\":null,\"scope\":\"serverByUser\"}', '2023-08-12 18:21:43', '2025-07-05 19:11:47'),
(9, 'demos', 'demos', 'Cuenta Demo', 'Cuentas Demos', 'voyager-bell', 'App\\Models\\Demo', NULL, 'App\\Http\\Controllers\\Voyager\\DemoController', NULL, 1, 0, '{\"order_column\":null,\"order_display_column\":null,\"order_direction\":\"asc\",\"default_search_key\":null,\"scope\":\"byUser\"}', '2023-09-01 16:46:11', '2025-07-18 14:12:48'),
(11, 'domains', 'domains', 'Dominio', 'Dominios', 'voyager-font', 'App\\Models\\Domain', NULL, NULL, NULL, 1, 0, '{\"order_column\":null,\"order_display_column\":null,\"order_direction\":\"asc\",\"default_search_key\":null,\"scope\":null}', '2023-11-04 19:03:42', '2023-11-04 20:07:43'),
(13, 'proxies', 'proxies', 'Proxy', 'Proxys', 'voyager-window-list', 'App\\Models\\Proxy', NULL, NULL, NULL, 1, 0, '{\"order_column\":null,\"order_display_column\":null,\"order_direction\":\"asc\",\"default_search_key\":null,\"scope\":null}', '2023-11-04 19:05:14', '2023-11-04 20:07:51'),
(14, 'packages', 'packages', 'Paquete', 'Paquetes', 'voyager-logbook', 'App\\Models\\Package', NULL, 'App\\Http\\Controllers\\Voyager\\PackageController', NULL, 1, 0, '{\"order_column\":null,\"order_display_column\":null,\"order_direction\":\"asc\",\"default_search_key\":null,\"scope\":\"byUser\"}', '2024-02-05 13:24:03', '2024-04-15 21:02:39'),
(17, 'jellyfinservers', 'jellyfinservers', 'Servidor JellyFin', 'Servidores JellyFin', 'voyager-laptop', 'App\\Models\\JellyfinServer', NULL, 'App\\Http\\Controllers\\Voyager\\JellyfinServerController', NULL, 1, 0, '{\"order_column\":null,\"order_display_column\":null,\"order_direction\":\"asc\",\"default_search_key\":null,\"scope\":null}', '2024-02-19 17:49:30', '2025-07-05 17:47:37'),
(18, 'jellyfinpackages', 'jellyfinpackages', 'Paquete JellyFin', 'Paquetes Jellyfin', 'voyager-logbook', 'App\\Models\\JellyfinPackage', NULL, 'App\\Http\\Controllers\\Voyager\\JellyfinPackageController', NULL, 1, 0, '{\"order_column\":null,\"order_display_column\":null,\"order_direction\":\"asc\",\"default_search_key\":null,\"scope\":null}', '2024-02-19 18:30:36', '2024-02-20 13:30:06'),
(19, 'jellyfincustomers', 'jellyfincustomers', 'Cliente Jellyfin', 'Clientes Jellyfin', 'voyager-people', 'App\\Models\\JellyfinCustomer', NULL, 'App\\Http\\Controllers\\Voyager\\JellyfinCustomerController', NULL, 1, 1, '{\"order_column\":null,\"order_display_column\":null,\"order_direction\":\"asc\",\"default_search_key\":null,\"scope\":\"byUser\"}', '2024-02-19 18:50:50', '2026-01-23 16:09:15'),
(20, 'jellyfindemos', 'jellyfindemos', 'Demo Jellyfin', 'Demos Jellyfin', 'voyager-bell', 'App\\Models\\JellyfinDemo', NULL, 'App\\Http\\Controllers\\Voyager\\JellyfinDemoController', NULL, 1, 0, '{\"order_column\":null,\"order_display_column\":null,\"order_direction\":\"asc\",\"default_search_key\":null,\"scope\":\"byUser\"}', '2024-02-19 19:12:45', '2025-07-18 14:13:19'),
(21, 'embyservers', 'embyservers', 'Servidor Emby', 'Servidores Emby', 'voyager-laptop', 'App\\Models\\EmbyServer', NULL, 'App\\Http\\Controllers\\Voyager\\EmbyServerController', NULL, 1, 0, '{\"order_column\":null,\"order_display_column\":null,\"order_direction\":\"asc\",\"default_search_key\":null,\"scope\":null}', '2025-07-15 13:42:31', '2025-08-20 20:32:12'),
(22, 'embypackages', 'embypackages', 'Paquete Emby', 'Paquetes Emby', 'voyager-logbook', 'App\\Models\\EmbyPackage', NULL, 'App\\Http\\Controllers\\Voyager\\EmbyPackageController', NULL, 1, 0, '{\"order_column\":null,\"order_display_column\":null,\"order_direction\":\"asc\",\"default_search_key\":null,\"scope\":null}', '2025-07-15 13:49:22', '2025-07-15 14:06:08'),
(23, 'embydemos', 'embydemos', 'Demo Emby', 'Demos Emby', 'voyager-bell', 'App\\Models\\EmbyDemo', NULL, 'App\\Http\\Controllers\\Voyager\\EmbyDemoController', NULL, 1, 0, '{\"order_column\":null,\"order_display_column\":null,\"order_direction\":\"asc\",\"default_search_key\":null,\"scope\":\"byUser\"}', '2025-07-15 14:39:41', '2025-08-21 00:54:59'),
(24, 'embycustomers', 'embycustomers', 'Cliente Emby', 'Clientes Emby', 'voyager-people', 'App\\Models\\EmbyCustomer', NULL, 'App\\Http\\Controllers\\Voyager\\EmbyCustomerController', NULL, 1, 1, '{\"order_column\":null,\"order_display_column\":null,\"order_direction\":\"asc\",\"default_search_key\":null,\"scope\":\"byUser\"}', '2025-07-15 15:38:40', '2026-01-23 16:09:07'),
(25, 'notifications', 'notifications', 'Notificacion', 'Notificaciones', 'voyager-mail', 'App\\Models\\Notification', NULL, 'App\\Http\\Controllers\\Voyager\\NotificationController', NULL, 1, 0, '{\"order_column\":null,\"order_display_column\":null,\"order_direction\":\"asc\",\"default_search_key\":null,\"scope\":null}', '2025-07-26 18:47:20', '2025-08-05 15:17:02');

--
-- Volcado de datos para la tabla `menus`
--

INSERT INTO `menus` (`id`, `name`, `created_at`, `updated_at`) VALUES
(1, 'admin', '2023-07-30 22:59:57', '2023-07-30 22:59:57');

--
-- Volcado de datos para la tabla `menu_items`
--

INSERT INTO `menu_items` (`id`, `menu_id`, `title`, `url`, `target`, `icon_class`, `color`, `parent_id`, `order`, `created_at`, `updated_at`, `route`, `parameters`) VALUES
(1, 1, 'Dashboard', '', '_self', 'voyager-activity', '#60e2d9', NULL, 1, '2023-07-30 22:59:57', '2026-01-17 22:48:10', 'voyager.dashboard', 'null'),
(2, 1, 'Media', '', '_self', 'voyager-images', NULL, NULL, 8, '2023-07-30 22:59:57', '2025-07-17 14:18:33', 'voyager.media.index', NULL),
(3, 1, 'Revendedores', '', '_self', 'voyager-person', '#43a7e5', NULL, 5, '2023-07-30 22:59:57', '2025-07-15 19:23:15', 'voyager.users.index', 'null'),
(4, 1, 'Roles', '', '_self', 'voyager-lock', NULL, NULL, 7, '2023-07-30 22:59:57', '2025-07-15 19:23:15', 'voyager.roles.index', NULL),
(5, 1, 'Tools', '', '_self', 'voyager-tools', NULL, NULL, 9, '2023-07-30 22:59:57', '2025-07-17 14:18:33', NULL, NULL),
(6, 1, 'Menu Builder', '', '_self', 'voyager-list', NULL, 5, 1, '2023-07-30 22:59:57', '2023-07-31 00:11:52', 'voyager.menus.index', NULL),
(7, 1, 'Database', '', '_self', 'voyager-data', NULL, 5, 2, '2023-07-30 22:59:57', '2023-07-31 00:11:52', 'voyager.database.index', NULL),
(8, 1, 'Compass', '', '_self', 'voyager-compass', NULL, 5, 3, '2023-07-30 22:59:57', '2023-07-31 00:11:52', 'voyager.compass.index', NULL),
(9, 1, 'BREAD', '', '_self', 'voyager-bread', NULL, 5, 4, '2023-07-30 22:59:57', '2023-07-31 00:11:52', 'voyager.bread.index', NULL),
(10, 1, 'Settings', '', '_self', 'voyager-settings', NULL, NULL, 10, '2023-07-30 22:59:57', '2025-07-17 14:18:33', 'voyager.settings.index', NULL),
(11, 1, 'Creditos', '', '_self', 'voyager-dollar', '#39be09', NULL, 6, '2023-07-31 00:03:14', '2025-07-15 19:23:15', 'voyager.credits.index', 'null'),
(12, 1, 'Duraciones', '', '_self', 'voyager-alarm-clock', '#f4870b', NULL, 13, '2023-07-31 00:11:11', '2025-07-17 14:18:33', 'voyager.durations.index', 'null'),
(13, 1, 'Lista de Clientes', '', '_self', 'voyager-people', '#e8d46d', 20, 2, '2023-07-31 00:13:46', '2024-03-09 01:23:21', 'voyager.customers.index', 'null'),
(15, 1, 'Servidores', '', '_self', 'voyager-laptop', '#e8d46d', 20, 5, '2023-08-12 18:21:43', '2024-03-09 01:25:14', 'voyager.servers.index', 'null'),
(16, 1, 'Demos Activas', '', '_self', 'voyager-bell', '#e8d46d', 20, 4, '2023-09-01 16:46:11', '2024-03-09 01:25:14', 'voyager.demos.index', 'null'),
(17, 1, 'Dominios', '', '_self', 'voyager-font', '#a9f39b', NULL, 11, '2023-11-04 19:03:42', '2025-07-17 14:18:33', 'voyager.domains.index', 'null'),
(18, 1, 'Proxys', '', '_self', 'voyager-window-list', '#5f70ec', NULL, 12, '2023-11-04 19:05:14', '2025-07-17 14:18:33', 'voyager.proxies.index', 'null'),
(19, 1, 'Paquetes', '', '_self', 'voyager-logbook', '#e8d46d', 20, 6, '2024-02-05 13:24:04', '2024-03-09 01:25:14', 'voyager.packages.index', 'null'),
(20, 1, 'Plex', '#plex-menu', '_self', 'voyager-play', '#e8d46d', NULL, 2, '2024-02-19 17:28:10', '2026-01-17 22:49:36', NULL, ''),
(21, 1, 'JellyFin', '#jellyfin-menu', '_self', 'voyager-play', '#8012ed', NULL, 3, '2024-02-19 17:29:42', '2025-05-28 19:37:06', NULL, ''),
(22, 1, 'Servidores JellyFin', '', '_self', 'voyager-laptop', '#8012ed', 21, 5, '2024-02-19 17:49:30', '2024-03-09 01:29:17', 'voyager.jellyfinservers.index', 'null'),
(23, 1, 'Paquetes Jellyfin', '', '_self', 'voyager-logbook', '#8012ed', 21, 6, '2024-02-19 18:30:36', '2024-03-09 01:29:17', 'voyager.jellyfinpackages.index', 'null'),
(24, 1, 'Lista de Clientes', '', '_self', 'voyager-people', '#8012ed', 21, 2, '2024-02-19 18:50:50', '2024-03-09 01:28:17', 'voyager.jellyfincustomers.index', 'null'),
(25, 1, 'Demos Activas', '', '_self', 'voyager-bell', '#8012ed', 21, 4, '2024-02-19 19:12:45', '2024-03-09 01:29:17', 'voyager.jellyfindemos.index', 'null'),
(26, 1, 'Nuevo Cliente', '', '_self', 'voyager-new', '#e8d46d', 20, 1, '2024-03-09 01:23:14', '2024-03-09 01:24:28', 'voyager.customers.create', 'null'),
(27, 1, 'Nueva Demo', '', '_self', 'voyager-new', '#e8d46d', 20, 3, '2024-03-09 01:25:06', '2024-03-09 01:25:32', 'voyager.demos.create', 'null'),
(28, 1, 'Nuevo Cliente', '', '_self', 'voyager-new', '#8012ed', 21, 1, '2024-03-09 01:27:30', '2024-03-09 01:28:07', 'voyager.jellyfincustomers.create', 'null'),
(29, 1, 'Nueva Demo', '', '_self', 'voyager-new', '#7612ed', 21, 3, '2024-03-09 01:29:10', '2024-03-09 01:29:17', 'voyager.jellyfindemos.create', NULL),
(30, 1, 'Servidores', '', '_self', 'voyager-laptop', '#4caf50', 34, 5, '2025-07-15 13:42:31', '2025-07-17 14:18:33', 'voyager.embyservers.index', 'null'),
(31, 1, 'Paquetes Emby', '', '_self', 'voyager-logbook', '#4caf50', 34, 6, '2025-07-15 13:49:22', '2025-07-17 14:18:33', 'voyager.embypackages.index', 'null'),
(32, 1, 'Demos Activos', '', '_self', 'voyager-bell', '#4caf50', 34, 4, '2025-07-15 14:39:41', '2025-07-17 14:18:33', 'voyager.embydemos.index', 'null'),
(33, 1, 'Lista de Clientes', '', '_self', 'voyager-people', '#4caf50', 34, 2, '2025-07-15 15:38:40', '2025-07-17 14:16:47', 'voyager.embycustomers.index', 'null'),
(34, 1, 'Emby', '#emby-menu', '_self', 'voyager-play', '#4caf50', NULL, 4, '2025-07-15 19:22:23', '2026-01-17 22:49:42', NULL, ''),
(35, 1, 'Nuevo Cliente', '', '_self', 'voyager-new', '#4caf50', 34, 1, '2025-07-17 14:15:26', '2025-07-17 14:54:33', 'voyager.embycustomers.create', 'null'),
(36, 1, 'Nueva Demo', '', '_self', 'voyager-new', '#4baf50', 34, 3, '2025-07-17 14:17:54', '2025-07-17 14:18:33', 'voyager.embydemos.create', 'null'),
(37, 1, 'Notificaciones', '', '_self', 'voyager-mail', NULL, NULL, 14, '2025-07-26 18:47:20', '2025-07-26 18:47:20', 'voyager.notifications.index', NULL),
(38, 1, 'Categorías de Tickets', 'admin/ticket-categories', '_self', 'voyager-list', NULL, NULL, 15, '2026-01-19 18:17:59', '2026-01-19 18:17:59', NULL, NULL);

--
-- Volcado de datos para la tabla `permissions`
--

INSERT INTO `permissions` (`id`, `key`, `table_name`, `created_at`, `updated_at`) VALUES
(1, 'browse_admin', NULL, '2023-07-30 22:59:57', '2023-07-30 22:59:57'),
(2, 'browse_bread', NULL, '2023-07-30 22:59:57', '2023-07-30 22:59:57'),
(3, 'browse_database', NULL, '2023-07-30 22:59:57', '2023-07-30 22:59:57'),
(4, 'browse_media', NULL, '2023-07-30 22:59:57', '2023-07-30 22:59:57'),
(5, 'browse_compass', NULL, '2023-07-30 22:59:57', '2023-07-30 22:59:57'),
(6, 'browse_menus', 'menus', '2023-07-30 22:59:57', '2023-07-30 22:59:57'),
(7, 'read_menus', 'menus', '2023-07-30 22:59:57', '2023-07-30 22:59:57'),
(8, 'edit_menus', 'menus', '2023-07-30 22:59:57', '2023-07-30 22:59:57'),
(9, 'add_menus', 'menus', '2023-07-30 22:59:57', '2023-07-30 22:59:57'),
(10, 'delete_menus', 'menus', '2023-07-30 22:59:57', '2023-07-30 22:59:57'),
(11, 'browse_roles', 'roles', '2023-07-30 22:59:57', '2023-07-30 22:59:57'),
(12, 'read_roles', 'roles', '2023-07-30 22:59:57', '2023-07-30 22:59:57'),
(13, 'edit_roles', 'roles', '2023-07-30 22:59:57', '2023-07-30 22:59:57'),
(14, 'add_roles', 'roles', '2023-07-30 22:59:57', '2023-07-30 22:59:57'),
(15, 'delete_roles', 'roles', '2023-07-30 22:59:57', '2023-07-30 22:59:57'),
(16, 'browse_users', 'users', '2023-07-30 22:59:57', '2023-07-30 22:59:57'),
(17, 'read_users', 'users', '2023-07-30 22:59:57', '2023-07-30 22:59:57'),
(18, 'edit_users', 'users', '2023-07-30 22:59:57', '2023-07-30 22:59:57'),
(19, 'add_users', 'users', '2023-07-30 22:59:57', '2023-07-30 22:59:57'),
(20, 'delete_users', 'users', '2023-07-30 22:59:57', '2023-07-30 22:59:57'),
(21, 'browse_settings', 'settings', '2023-07-30 22:59:57', '2023-07-30 22:59:57'),
(22, 'read_settings', 'settings', '2023-07-30 22:59:57', '2023-07-30 22:59:57'),
(23, 'edit_settings', 'settings', '2023-07-30 22:59:57', '2023-07-30 22:59:57'),
(24, 'add_settings', 'settings', '2023-07-30 22:59:57', '2023-07-30 22:59:57'),
(25, 'delete_settings', 'settings', '2023-07-30 22:59:57', '2023-07-30 22:59:57'),
(26, 'browse_credits', 'credits', '2023-07-31 00:03:14', '2023-07-31 00:03:14'),
(27, 'read_credits', 'credits', '2023-07-31 00:03:14', '2023-07-31 00:03:14'),
(28, 'edit_credits', 'credits', '2023-07-31 00:03:14', '2023-07-31 00:03:14'),
(29, 'add_credits', 'credits', '2023-07-31 00:03:14', '2023-07-31 00:03:14'),
(30, 'delete_credits', 'credits', '2023-07-31 00:03:14', '2023-07-31 00:03:14'),
(31, 'browse_durations', 'durations', '2023-07-31 00:11:11', '2023-07-31 00:11:11'),
(32, 'read_durations', 'durations', '2023-07-31 00:11:11', '2023-07-31 00:11:11'),
(33, 'edit_durations', 'durations', '2023-07-31 00:11:11', '2023-07-31 00:11:11'),
(34, 'add_durations', 'durations', '2023-07-31 00:11:11', '2023-07-31 00:11:11'),
(35, 'delete_durations', 'durations', '2023-07-31 00:11:11', '2023-07-31 00:11:11'),
(36, 'browse_customers', 'customers', '2023-07-31 00:13:46', '2023-07-31 00:13:46'),
(37, 'read_customers', 'customers', '2023-07-31 00:13:46', '2023-07-31 00:13:46'),
(38, 'edit_customers', 'customers', '2023-07-31 00:13:46', '2023-07-31 00:13:46'),
(39, 'add_customers', 'customers', '2023-07-31 00:13:46', '2023-07-31 00:13:46'),
(40, 'delete_customers', 'customers', '2023-07-31 00:13:46', '2023-07-31 00:13:46'),
(46, 'browse_servers', 'servers', '2023-08-12 18:21:43', '2023-08-12 18:21:43'),
(47, 'read_servers', 'servers', '2023-08-12 18:21:43', '2023-08-12 18:21:43'),
(48, 'edit_servers', 'servers', '2023-08-12 18:21:43', '2023-08-12 18:21:43'),
(49, 'add_servers', 'servers', '2023-08-12 18:21:43', '2023-08-12 18:21:43'),
(50, 'delete_servers', 'servers', '2023-08-12 18:21:43', '2023-08-12 18:21:43'),
(51, 'browse_demos', 'demos', '2023-09-01 16:46:11', '2023-09-01 16:46:11'),
(52, 'read_demos', 'demos', '2023-09-01 16:46:11', '2023-09-01 16:46:11'),
(53, 'edit_demos', 'demos', '2023-09-01 16:46:11', '2023-09-01 16:46:11'),
(54, 'add_demos', 'demos', '2023-09-01 16:46:11', '2023-09-01 16:46:11'),
(55, 'delete_demos', 'demos', '2023-09-01 16:46:11', '2023-09-01 16:46:11'),
(56, 'browse_domains', 'domains', '2023-11-04 19:03:42', '2023-11-04 19:03:42'),
(57, 'read_domains', 'domains', '2023-11-04 19:03:42', '2023-11-04 19:03:42'),
(58, 'edit_domains', 'domains', '2023-11-04 19:03:42', '2023-11-04 19:03:42'),
(59, 'add_domains', 'domains', '2023-11-04 19:03:42', '2023-11-04 19:03:42'),
(60, 'delete_domains', 'domains', '2023-11-04 19:03:42', '2023-11-04 19:03:42'),
(61, 'browse_proxies', 'proxies', '2023-11-04 19:05:14', '2023-11-04 19:05:14'),
(62, 'read_proxies', 'proxies', '2023-11-04 19:05:14', '2023-11-04 19:05:14'),
(63, 'edit_proxies', 'proxies', '2023-11-04 19:05:14', '2023-11-04 19:05:14'),
(64, 'add_proxies', 'proxies', '2023-11-04 19:05:14', '2023-11-04 19:05:14'),
(65, 'delete_proxies', 'proxies', '2023-11-04 19:05:14', '2023-11-04 19:05:14'),
(66, 'browse_packages', 'packages', '2024-02-05 13:24:03', '2024-02-05 13:24:03'),
(67, 'read_packages', 'packages', '2024-02-05 13:24:03', '2024-02-05 13:24:03'),
(68, 'edit_packages', 'packages', '2024-02-05 13:24:03', '2024-02-05 13:24:03'),
(69, 'add_packages', 'packages', '2024-02-05 13:24:03', '2024-02-05 13:24:03'),
(70, 'delete_packages', 'packages', '2024-02-05 13:24:03', '2024-02-05 13:24:03'),
(71, 'browse_jellyfinservers', 'jellyfinservers', '2024-02-19 17:49:30', '2024-02-19 17:49:30'),
(72, 'read_jellyfinservers', 'jellyfinservers', '2024-02-19 17:49:30', '2024-02-19 17:49:30'),
(73, 'edit_jellyfinservers', 'jellyfinservers', '2024-02-19 17:49:30', '2024-02-19 17:49:30'),
(74, 'add_jellyfinservers', 'jellyfinservers', '2024-02-19 17:49:30', '2024-02-19 17:49:30'),
(75, 'delete_jellyfinservers', 'jellyfinservers', '2024-02-19 17:49:30', '2024-02-19 17:49:30'),
(76, 'browse_jellyfinpackages', 'jellyfinpackages', '2024-02-19 18:30:36', '2024-02-19 18:30:36'),
(77, 'read_jellyfinpackages', 'jellyfinpackages', '2024-02-19 18:30:36', '2024-02-19 18:30:36'),
(78, 'edit_jellyfinpackages', 'jellyfinpackages', '2024-02-19 18:30:36', '2024-02-19 18:30:36'),
(79, 'add_jellyfinpackages', 'jellyfinpackages', '2024-02-19 18:30:36', '2024-02-19 18:30:36'),
(80, 'delete_jellyfinpackages', 'jellyfinpackages', '2024-02-19 18:30:36', '2024-02-19 18:30:36'),
(81, 'browse_jellyfincustomers', 'jellyfincustomers', '2024-02-19 18:50:50', '2024-02-19 18:50:50'),
(82, 'read_jellyfincustomers', 'jellyfincustomers', '2024-02-19 18:50:50', '2024-02-19 18:50:50'),
(83, 'edit_jellyfincustomers', 'jellyfincustomers', '2024-02-19 18:50:50', '2024-02-19 18:50:50'),
(84, 'add_jellyfincustomers', 'jellyfincustomers', '2024-02-19 18:50:50', '2024-02-19 18:50:50'),
(85, 'delete_jellyfincustomers', 'jellyfincustomers', '2024-02-19 18:50:50', '2024-02-19 18:50:50'),
(86, 'browse_jellyfindemos', 'jellyfindemos', '2024-02-19 19:12:45', '2024-02-19 19:12:45'),
(87, 'read_jellyfindemos', 'jellyfindemos', '2024-02-19 19:12:45', '2024-02-19 19:12:45'),
(88, 'edit_jellyfindemos', 'jellyfindemos', '2024-02-19 19:12:45', '2024-02-19 19:12:45'),
(89, 'add_jellyfindemos', 'jellyfindemos', '2024-02-19 19:12:45', '2024-02-19 19:12:45'),
(90, 'delete_jellyfindemos', 'jellyfindemos', '2024-02-19 19:12:45', '2024-02-19 19:12:45'),
(91, 'browse_embyservers', 'embyservers', '2025-07-15 13:42:31', '2025-07-15 13:42:31'),
(92, 'read_embyservers', 'embyservers', '2025-07-15 13:42:31', '2025-07-15 13:42:31'),
(93, 'edit_embyservers', 'embyservers', '2025-07-15 13:42:31', '2025-07-15 13:42:31'),
(94, 'add_embyservers', 'embyservers', '2025-07-15 13:42:31', '2025-07-15 13:42:31'),
(95, 'delete_embyservers', 'embyservers', '2025-07-15 13:42:31', '2025-07-15 13:42:31'),
(96, 'browse_embypackages', 'embypackages', '2025-07-15 13:49:22', '2025-07-15 13:49:22'),
(97, 'read_embypackages', 'embypackages', '2025-07-15 13:49:22', '2025-07-15 13:49:22'),
(98, 'edit_embypackages', 'embypackages', '2025-07-15 13:49:22', '2025-07-15 13:49:22'),
(99, 'add_embypackages', 'embypackages', '2025-07-15 13:49:22', '2025-07-15 13:49:22'),
(100, 'delete_embypackages', 'embypackages', '2025-07-15 13:49:22', '2025-07-15 13:49:22'),
(101, 'browse_embydemos', 'embydemos', '2025-07-15 14:39:41', '2025-07-15 14:39:41'),
(102, 'read_embydemos', 'embydemos', '2025-07-15 14:39:41', '2025-07-15 14:39:41'),
(103, 'edit_embydemos', 'embydemos', '2025-07-15 14:39:41', '2025-07-15 14:39:41'),
(104, 'add_embydemos', 'embydemos', '2025-07-15 14:39:41', '2025-07-15 14:39:41'),
(105, 'delete_embydemos', 'embydemos', '2025-07-15 14:39:41', '2025-07-15 14:39:41'),
(106, 'browse_embycustomers', 'embycustomers', '2025-07-15 15:38:40', '2025-07-15 15:38:40'),
(107, 'read_embycustomers', 'embycustomers', '2025-07-15 15:38:40', '2025-07-15 15:38:40'),
(108, 'edit_embycustomers', 'embycustomers', '2025-07-15 15:38:40', '2025-07-15 15:38:40'),
(109, 'add_embycustomers', 'embycustomers', '2025-07-15 15:38:40', '2025-07-15 15:38:40'),
(110, 'delete_embycustomers', 'embycustomers', '2025-07-15 15:38:40', '2025-07-15 15:38:40'),
(111, 'browse_notifications', 'notifications', '2025-07-26 18:47:20', '2025-07-26 18:47:20'),
(112, 'read_notifications', 'notifications', '2025-07-26 18:47:20', '2025-07-26 18:47:20'),
(113, 'edit_notifications', 'notifications', '2025-07-26 18:47:20', '2025-07-26 18:47:20'),
(114, 'add_notifications', 'notifications', '2025-07-26 18:47:20', '2025-07-26 18:47:20'),
(115, 'delete_notifications', 'notifications', '2025-07-26 18:47:20', '2025-07-26 18:47:20');

--
-- Volcado de datos para la tabla `permission_role`
--

INSERT INTO `permission_role` (`permission_id`, `role_id`) VALUES
(1, 1),
(1, 3),
(1, 4),
(1, 5),
(1, 6),
(2, 1),
(3, 1),
(4, 1),
(5, 1),
(6, 1),
(7, 1),
(8, 1),
(9, 1),
(10, 1),
(11, 1),
(12, 1),
(13, 1),
(14, 1),
(15, 1),
(16, 1),
(16, 3),
(16, 4),
(16, 6),
(17, 1),
(17, 3),
(17, 4),
(17, 6),
(18, 1),
(18, 3),
(18, 4),
(18, 6),
(19, 1),
(19, 3),
(19, 4),
(19, 6),
(20, 1),
(20, 3),
(20, 4),
(20, 6),
(21, 1),
(21, 4),
(22, 1),
(22, 4),
(23, 1),
(23, 4),
(24, 1),
(24, 4),
(25, 1),
(26, 1),
(26, 3),
(26, 4),
(26, 6),
(27, 1),
(27, 3),
(27, 4),
(27, 6),
(28, 1),
(29, 1),
(29, 3),
(29, 4),
(29, 6),
(30, 1),
(31, 1),
(31, 4),
(32, 1),
(32, 4),
(33, 1),
(33, 4),
(34, 1),
(34, 4),
(35, 1),
(35, 4),
(36, 1),
(36, 3),
(36, 4),
(36, 5),
(36, 6),
(37, 1),
(37, 3),
(37, 4),
(37, 5),
(37, 6),
(38, 1),
(38, 3),
(38, 4),
(38, 5),
(38, 6),
(39, 1),
(39, 3),
(39, 4),
(39, 5),
(39, 6),
(40, 1),
(40, 4),
(40, 6),
(46, 1),
(46, 4),
(46, 6),
(47, 1),
(47, 4),
(47, 6),
(48, 1),
(48, 4),
(48, 6),
(49, 1),
(49, 4),
(49, 6),
(50, 1),
(50, 4),
(50, 6),
(51, 1),
(51, 3),
(51, 4),
(51, 5),
(51, 6),
(52, 1),
(52, 3),
(52, 4),
(52, 5),
(52, 6),
(53, 1),
(53, 3),
(53, 4),
(53, 5),
(53, 6),
(54, 1),
(54, 3),
(54, 4),
(54, 5),
(54, 6),
(55, 1),
(55, 3),
(55, 4),
(55, 5),
(55, 6),
(56, 1),
(56, 4),
(57, 1),
(57, 4),
(58, 1),
(58, 4),
(59, 1),
(59, 4),
(60, 1),
(60, 4),
(61, 1),
(61, 4),
(62, 1),
(62, 4),
(63, 1),
(63, 4),
(64, 1),
(64, 4),
(65, 1),
(65, 4),
(66, 1),
(66, 4),
(67, 1),
(67, 4),
(68, 1),
(68, 4),
(69, 1),
(69, 4),
(70, 1),
(70, 4),
(71, 1),
(71, 4),
(72, 1),
(72, 4),
(73, 1),
(73, 4),
(74, 1),
(74, 4),
(75, 1),
(75, 4),
(76, 1),
(76, 4),
(77, 1),
(77, 4),
(78, 1),
(78, 4),
(79, 1),
(79, 4),
(80, 1),
(80, 4),
(81, 1),
(81, 3),
(81, 4),
(81, 5),
(82, 1),
(82, 3),
(82, 4),
(82, 5),
(83, 1),
(83, 3),
(83, 4),
(83, 5),
(84, 1),
(84, 3),
(84, 4),
(84, 5),
(85, 1),
(85, 3),
(85, 4),
(85, 5),
(86, 1),
(86, 3),
(86, 4),
(86, 5),
(87, 1),
(87, 3),
(87, 4),
(87, 5),
(88, 1),
(88, 3),
(88, 4),
(88, 5),
(89, 1),
(89, 3),
(89, 4),
(89, 5),
(90, 1),
(90, 3),
(90, 4),
(90, 5),
(91, 1),
(91, 4),
(92, 1),
(92, 4),
(93, 1),
(93, 4),
(94, 1),
(94, 4),
(95, 1),
(95, 4),
(96, 1),
(96, 4),
(97, 1),
(97, 4),
(98, 1),
(98, 4),
(99, 1),
(99, 4),
(100, 1),
(100, 4),
(101, 1),
(101, 3),
(101, 4),
(101, 5),
(102, 1),
(102, 3),
(102, 4),
(102, 5),
(103, 1),
(103, 3),
(103, 4),
(103, 5),
(104, 1),
(104, 3),
(104, 4),
(104, 5),
(105, 1),
(105, 3),
(105, 4),
(105, 5),
(106, 1),
(106, 3),
(106, 4),
(106, 5),
(107, 1),
(107, 3),
(107, 4),
(107, 5),
(108, 1),
(108, 3),
(108, 4),
(108, 5),
(109, 1),
(109, 3),
(109, 4),
(109, 5),
(110, 1),
(110, 3),
(110, 4),
(110, 5),
(111, 1),
(111, 4),
(112, 1),
(112, 4),
(113, 1),
(113, 4),
(114, 1),
(114, 4),
(115, 1),
(115, 4);
COMMIT;

